**3 - 1/24*s**4 - 7*s**2 - s. Let t(d) be the first derivative of r(d). What is t(5)?
-6
Let v(a) = -8*a - 15. Let q = 6632 + -6638. Give v(q).
33
Let g(w) = -4 - w - 3*w + 2*w - 1. Let p(q) = -q**3 - 10*q**2 - 10*q - 13. Let i be 3*(-1*(0 + 3) + 0). Let x be p(i). What is g(x)?
3
Let h(s) = -391*s**2 - 18*s - 16. Let o(u) = 348*u**2 + 18*u + 15. Let l(q) = 8*h(q) + 9*o(q). What is l(-5)?
17
Suppose -4*t + 6 = 22. Let p(l) = l**2 + 3*l + 17. Let v be p(t). Let u(r) = -4 + 3 + v*r + 4 - 16*r. Give u(-2).
-7
Let n(w) = -5*w - 26. Let l(i) = i + 2 + 0*i + 3. Let g(o) = 11*l(o) + 2*n(o). Let d be (-3 - (-22)/4)*(-12)/(-150)*-15. Calculate g(d).
0
Let y(b) = 55321388 + b + 2*b - b**2 - 55321385. What is y(2)?
5
Let m(r) = 3*r**2 - 2*r + 2. Let d = -19 - -21. Let v(i) = 9*i - 17. Let a be v(3). Let z be (0 - d)/(a/(-15)). Determine m(z).
23
Let t(p) = p**2 + 5*p + 1. Let w(n) = -2*n**3 + 22*n**2 + 26*n + 2. Let x be w(12). Suppose 33*d - 36*d = 5*y + x, 4*d = -8. Give t(y).
-3
Let r(p) be the first derivative of p**4/4 + 11*p**3/3 + 3*p**2/2 + 7*p - 5805. Calculate r(-10).
77
Let a(c) = 10*c + 1. Let o(y) = y. Let d(v) = -2*v**2 + 19*v - 11. Let j be d(9). Let b be (1 + 2*j)*(-14)/42. Let s(u) = b*a(u) - 5*o(u). Calculate s(-1).
-4
Suppose -3*g + 8 = -2*s, 3*s - 44 = -5*g - 18. Let w(n) = -70*n**2 + 34*n**2 - 9 + 35*n**2 - 4 + 3 + 9. Determine w(s).
-5
Let l(s) = -s**3 - 7*s**2 - 9*s - 9. Suppose 1 = -3*w + 4*w, -29 = d + w. Let r = 42 + d. Suppose 0 = 4*c - r, -3*g - 12 = -0*c + 2*c. What is l(g)?
9
Suppose 1456 + 178 = -860*k + 43*k. Let u(i) = i - 6. Let s be u(8). Let c(l) = 3*l**s + 3*l**2 - 3*l**2 - 2. Calculate c(k).
10
Let f(t) = -t**3 - 22*t**2 - 110*t - 118. Let k be f(-5). Let x(d) = 16*d - 139. Determine x(k).
-27
Let p(b) = -178 - 44 + b**2 + 2*b + 56. Determine p(12).
2
Let s(j) = 92*j**2 + 149*j - 229*j + 77*j + 2. Give s(1).
91
Let r(l) be the third derivative of l**6/120 + 3*l**5/20 - 19*l**4/24 + 31*l**3/6 - 6*l**2 + 93*l - 1. Give r(-11).
-2
Suppose 8 + 25 = 11*z. Let p(r) = -2*r**2 - 20*r + 0*r**2 - z + 3*r**2 + 21*r. What is p(-3)?
3
Let h(a) be the second derivative of a**5/20 + a**4/4 - 2*a**3/3 + a**2/2 + 13*a. Let c be h(-4). Let z(b) = 6 - b - c - 6. Calculate z(3).
-4
Let y(m) = m + 12. Let t(o) = -3*o - 23. Suppose 5 = n - 0*n. Let d(v) = n*y(v) + 2*t(v). What is d(9)?
5
Let d(b) be the second derivative of -b**4/12 + b**3/6 + 15*b**2 - 392*b. Suppose 5*y + 5*r - 25 = 0, 4*r - 20 = 2*y + y. Determine d(y).
30
Let k(r) = -5*r + 2*r + 0*r + 0*r + 2*r. Determine k(10).
-10
Suppose -6*u + 19 = -2771. Let q = u + -464. Let x(t) = 36*t**2 - t + 1. Calculate x(q).
36
Let w = -169 - -178. Let h(o) = -10*o + w*o + 0*o - 15. Determine h(0).
-15
Suppose 0 = 201*g + 60 + 945. Let m(v) = -2*v**2 + 4*v - 12. What is m(g)?
-82
Let z(u) = 2*u - 4. Let i(v) = 48*v + 1146. Let o be i(-24). What is z(o)?
-16
Suppose 0 = -m - 2, -15*i + 17*i - 10 = 5*m. Suppose -4*r - 5 - 15 = i. Let v(k) = -k - 5. Give v(r).
0
Let h(c) = 5*c - 3. Let x(d) = -d**3 - 5*d**2 - 5*d + 9. Let n be x(-6). Suppose 0 = -2*u - m - n, 4*u - 3*m = -u - 204. Let t = -37 - u. Calculate h(t).
7
Let b(o) = o**3 - 18*o**2 - 27*o + 7. Let r(x) = -x**3 + 15*x**2 + 29*x - 6. Let m(u) = -3*b(u) - 4*r(u). Calculate m(-4).
-17
Let v(o) = 5*o - 2. Let t(q) = 10*q + 139 - 6*q + 11*q - 3 + 73. Let r be t(-14). Determine v(r).
-7
Let g(v) = -6*v + 63. Let y(f) = -957*f - 4773. Let i be y(-5). What is g(i)?
-9
Let v be 2/(-6)*0 + 3/(-3). Let r(s) be the second derivative of -11*s**3/6 - 83*s. Give r(v).
11
Suppose -54*s = -50*s - 40. Let n(a) = -a**2 + 12*a - 2. Give n(s).
18
Let v(y) be the third derivative of y**5/60 - y**4/24 - y**3/6 + 5*y**2. Let w = -29 - -34. Suppose 5*b + 21 = -r, -w*b = -3*r + 21 - 4. Calculate v(r).
1
Let w(j) be the second derivative of -j**3/3 - 5*j**2/2 + 20*j. Let n = -26 + 49. Suppose 4*c = -0*a + a - n, 2*c = -a - 13. Determine w(c).
7
Let v(w) be the second derivative of 4*w**3/3 + 71*w**2/2 - 187*w. What is v(-9)?
-1
Let p be 3473/3 + 11/33. Suppose -p = -9*g - 276. Let y(t) = 53*t - t**2 + 54*t - g*t + 8. What is y(9)?
8
Let o(c) be the third derivative of c**4/12 - c**3/6 - c**2 + 8*c. Let j = 15 - -10. Suppose -j*d + 2 = -23*d. Determine o(d).
1
Let w(v) = 41*v - 2*v**2 - 69*v + 19 + 4*v**2 + 42*v. Determine w(-5).
-1
Let z(u) = 95*u**2 + 759*u - 7. Let w be z(-8). Let b(a) = 67*a**2 + a - 2. What is b(w)?
66
Let k(d) = -3*d**3 + 16*d**2 + 10*d - 1. Let l(b) = -8*b**3 + 46*b**2 + 29*b - 4. Let t = -26 + 37. Let n(y) = t*k(y) - 4*l(y). Let z = -5 + -2. Give n(z).
-2
Let y(n) be the third derivative of n**9/60480 + n**8/5040 + n**6/360 + 23*n**5/60 + n**2 + 68. Let x(d) be the third derivative of y(d). What is x(-3)?
11
Suppose -m = -58 + 31. Let f = -25 + m. Suppose i - 4*b - 3 = -0*i, -f*i + 6 = -5*b. Let q(w) = -w**3 + 4*w**2 - 4*w - 1. Give q(i).
-4
Let n(w) = -3 - w**2 + 7*w - 4*w + 1. Suppose -17*h - 286 + 1510 = 0. Let r be 21/9*h/84. Determine n(r).
0
Let f(t) = 2*t - 2. Let c(x) = x**2 + 9*x - 5. Suppose 13*l + 3*l + 160 = 0. Let j be c(l). Give f(j).
8
Suppose -271 = 10*y - 1111. Let w(j) = -46*j**2 + 47*j**2 + y - 88 - 3*j. What is w(4)?
0
Let v be (-7)/(-42) - 321/(-18). Let m(d) be the first derivative of -18*d - 4 - 7 - 2*d**2 + v*d. Determine m(-1).
4
Let q(x) be the second derivative of -x**4/12 - 5*x**3/6 + 17*x**2/2 + 2711*x. Determine q(-8).
-7
Suppose -3*n - 19 = -q, 0 = 103*q - 104*q + 5*n + 29. Let v(h) = 7*h - 4. Let g(z) = -13*z + 8. Let a(x) = 6*g(x) + 11*v(x). Determine a(q).
0
Let a(i) be the second derivative of 0 - 1/2*i**3 + 0*i**2 - 91*i. Determine a(2).
-6
Let j(v) = 2*v + 14. Suppose -32*c = -28*c - 16. Suppose 15 = -c*g - 5*z, -5 = 10*z - 11*z. Determine j(g).
-6
Let f(z) = 17*z**2 + 18*z**2 + 5 + 9*z - 46*z**2 + 3*z**2 + 13*z**2. Determine f(-3).
23
Let l(d) = -d**2 - 6*d - 6. Let z = -57 + 71. Suppose z*u - 171 = 5*u. Suppose -u = -v - 5*x, -4*x + 6 = v - 8. Calculate l(v).
-6
Let f = 74 - 69. Suppose -f*w - 7 = -w + 5*q, 3*w - q - 9 = 0. Let n(i) = 3*i**2 + 3*i - 2. Determine n(w).
16
Let y(b) be the first derivative of b**4/4 + 3*b**3 + 5*b**2 + 11*b - 13618. Suppose 1 = -4*z + 5*z, -4*v + 3*z = 35. Calculate y(v).
-5
Let x(g) = -3*g - 5*g - 6*g**2 - 232*g**3 + 233*g**3 + 8. Let j be (-46 + -3)*15/(9 - 114). What is x(j)?
1
Let j = 118 + -122. Let c(x) be the first derivative of -x**4/12 - x**3 - x**2 - x - 8. Let y(d) be the first derivative of c(d). Calculate y(j).
6
Suppose 102*t = 103*t + 4. Let q be 8 + 20/t + 0. Let a(s) = 2*s - 4. Give a(q).
2
Suppose 3*s + 0*s = s. Let q be (3 + -2 - s)*6 + -3. Let p(k) = -7*k + 2*k**2 - k + 31 - 34 + k**3 + q*k. Give p(-3).
3
Let h(m) = -m**3 - 5*m**2 - 3*m + 2. Let i = 1273 + -1228. Let v = 19 - 68. Let q = v + i. What is h(q)?
-2
Let r(x) be the first derivative of -x**3 - 3/2*x**2 + 13 - 1/4*x**4 - 3*x. Give r(-3).
6
Suppose -9*k - 5*i + 3 = -5*k, 0 = 3*k - i - 7. Let a(s) = -130*s + 130*s + s**k - 2*s**2 + 5. Give a(6).
-31
Let h(w) = -w - 10. Suppose 14*k - 460 = -9*k. Suppose -2*j - 15*v = -13*v + 8, 5*v - k = 0. Calculate h(j).
-2
Let y(i) = 5*i - 3. Let j(r) = 6*r + 41. Let t be j(-5). Let a(n) = -n**2 + 17*n - 34. Let q be a(14). Let s = t - q. Give y(s).
12
Let m(q) = q**2 + 9*q + 3. Let i = -469 - -476. Suppose -i*y + 9*y + 8 = 0. Calculate m(y).
-17
Let s(m) = -m**3 - 12*m**2 + m + 12. Let i be s(-12). Let g(w) be the third derivative of -w**2 - 47*w - 1/24*w**4 + 0 - w**3. What is g(i)?
-6
Let j = 509 - 513. Let d(g) = -3*g - 5*g**2 + 28*g**3 - 29*g**3 - 2*g. Determine d(j).
4
Let p(c) = c**2 + c + 12. Let t be p(0). Let k(n) = -101*n - 24. Let f(z) = 51*z + 4. Let o(j) = -2*f(j) - k(j). Give o(t).
4
Suppose -3*y = -n - 34 + 4, -3*n = 4*y + 12. Let b(z) = -z**3 - 13*z**2 - 9*z. What is b(n)?
-36
Suppose f = -2*f - 2*f. Suppose -5*y + 40 = 3*q, 0 = -f*q + 2*q - 2*y. Let a(m) = -2 + m**2 + 9*m + 3 - 2 - q. Give a(-9).
-6
Suppose -30 - 14 = 11*t. Let s(r) = -r + 1. Let p(x) = 5*x - 4. Let c(m) = -p(m) - 6*s(m). Determine c(t).
-6
Let i(g) = 69 - 7546*g + 15101*g + g**2 - 7601*g. Determine i(44).
-19
Let t(k) = -7*k**2 + 2*k - 26. Let s(p) = 25*p**2 - 5*p + 75. Let g(x) = 2*s(x) + 7*t(x). What is g(4)?
0
Let l(w) = 7*w + 1. Suppose i - y = -i - 9, -5*y + 1